)?
63
Evaluate 173 + (122 - 40) + -188.
67
Evaluate -1 + 0 + 2 - ((-14 - -87) + -34).
-38
2 - 15 - (82 + -55 + -24)
-16
Evaluate -3 - (-1 + (7 - 16)) - (-240 - -278).
-31
Evaluate (8 - -1) + -2 + -1 + (-488 - -471) - -46.
35
Evaluate 0 - 3 - ((-20 - ((11 - 20) + -19)) + -67).
56
Evaluate -97 + 82 + (30 - 57).
-42
Evaluate -22 + (4 - (-24 + 75 + -23)).
-46
4 + 61 - 23 - (-5 + 28)
19
Calculate -18 + (48 - 73) + 15.
-28
What is 10 + (-9 - 96) - ((-14 - -11) + 15)?
-107
Evaluate 91 - (-61 - (-123 + 65)).
94
Evaluate 1 + -7 - (1 + -67 + (10 - -17 - 31)).
64
What is 5 + -4 + -37 + 67?
31
What is 22 + (43 - 42) + (-6 - (-10 - 105))?
132
What is the value of (36 - 25 - (3 - (-4 - -4))) + 9?
17
Evaluate -7 + 13 + (-13 + 11 - 6) - -43.
41
Evaluate 7 - 3 - 9 - (69 + 90 + -159).
-5
Evaluate (-129 + 232 - 186) + 196.
113
Calculate 115 + -66 + (-1 - (23 + -71)).
96
Evaluate -244 + 211 - (4 - 5).
-32
What is -42 + (51 - 42 - -5)?
-28
Calculate 11 + 1 + -2 + (11 - 5) + (-4 - 2).
10
-28 + (0 - -8) + (-6 - (12 - (41 - 21)))
-18
Evaluate 1 + 0 + (15 + (4 - 9) - 13).
-2
Evaluate (1 + 0 - (-3 - -5)) + (-314 - -318) + 55.
58
Calculate -2 + 1 + 14 + -6 + 3 - (-2532 + 2560).
-18
Calculate 14 - (20 - (-20 + 14 + 0)) - -28.
16
Calculate 1 + -5 + (-64 - -13 - -63).
8
35 + 6 + -35 + 31
37
-85 - -64 - (-13 + -5 + 10)
-13
What is the value of -18 - (-44 + 4) - 51?
-29
Calculate -25 + 197 - 163 - (64 + (-1 - -1)).
-55
What is -2 + (-4 - 0) + 8 + -23 + -102 + 47?
-76
Evaluate 0 - (-3 - -2 - 1) - (2 + (-60 - -104)).
-44
What is the value of 65 - (-37 - (9 - (21 + 22)))?
68
Calculate -29 + -36 + (76 - 38) + 19.
-8
What is 24 + (2 - 1) + -21 + 29 + -3?
30
Calculate (-17 - 0) + (16 - 14) - -34.
19
Evaluate -396 + 289 + -1 + 29 + -2.
-81
Calculate 3624 - 3625 - ((6 - 2) + -3 + 1).
-3
Evaluate 71 + (-38 - (45 - 135)).
123
-23 + 181 + -83 - -27
102
What is 35 + (5 - 28 - 2) - -21?
31
What is 70 - (9 + (-25 - -16) + 18)?
52
(-54 + 66 - (1 - 29)) + (-27 - -36)
49
Calculate 37 - (-45 + (-31 - -115)).
-2
Evaluate -35 - 2 - (0 - (2 + -5 + 1 - -3)).
-36
Evaluate -18 + 39 + 18 + -51.
-12
What is 72 - (-18 + 56 + 72)?
-38
What is (58 - -1) + 630 + -628 + -23?
38
Evaluate 1 + 4 - (1470 + -1455).
-10
Evaluate 8 - (-18 - ((11 - (13 + -4 - 9)) + -20)).
17
Calculate -28 + (-127 - -112) + (17 - 0).
-26
22 + (-1 - -20) + -24
17
What is (-49 - 10) + 52 + 121?
114
-35 - (-19 - 18) - (-4 - (-3 + 0))
3
14 + (-88 - -238 - 83)
81
What is 6 + -8 + (19 - 10) + 1 + -15?
-7
Calculate -89 + (35 - 46 - -26 - (-11 + 15)).
-78
What is (3 - 18 - -9) + (0 - 7) + 7 + -92?
-98
What is ((11 - 16) + 16 - 2) + (-6 - -1) + -65?
-61
What is the value of -10 - 7 - (2 + (19 - 3) + -13 + 2)?
-24
(-6 - 4) + (-8 - -8) + 4 + -5 + 9
-2
What is (-235 - -218) + (25 - -19)?
27
-34 + (23 - (1 - 28))
16
4 - (108 - 71) - (1 + -17)
-17
Evaluate 75 + 91 + -112 - 47.
7
Calculate 851 + -888 + -2 + 62.
23
Calculate (103 - 232 - -122) + (51 - 4).
40
Evaluate -16 - (-39 + 26 + -17).
14
Evaluate (-51 - -58 - (33 + -11 + 2)) + -42.
-59
Evaluate 2372 + -2379 + (-2 - (1 - 2)).
-8
(7 - (12 + (-14 - (-3 + (7 - 7))))) + 88
94
(19 - 2) + (-90 - (-35 - -49 - -45))
-132
What is -3 - (13 - (-4 + 12 + -6 + 7))?
-7
66 + -62 - (10 + (-92 + 4 - 1))
83
What is 25 + (80 + 27 + -44 - 3)?
85
Evaluate -108 - (60 + -28 + -36 - 3).
-101
Evaluate 0 + -7 + (1133 - 1084).
42
7 + (-1 + 2 + -119 - ((-37 - 0) + 25))
-99
Evaluate -112 + 131 + (0 - -2) + 22.
43
Calculate 2 + 10 + -14 + 21 + -38 + -82.
-101
Evaluate -4 + -6 - (-26 + 31 + 36).
-51
-45 - (10 - 21 - -1 - 6) - -13
-16
What is the value of 2 + -2 + 3 + (156 - 153)?
6
9 + -4 + 12 + -9 + (14 - -10)
32
Calculate -5 + (33 - -16 - 45).
-1
What is -9 + (35 - 60) + -2?
-36
What is the value of (-1 - 2) + 5 + (11 - (-24 + 41)) + 5?
1
Evaluate (-17 + 15 + 4 + -2 - 6) + (-66 - -55).
-17
38 + (-14 - 23) - 23
-22
Calculate 45 + -36 + (1 - -1 - -1) + 0 + 9.
21
What is (-772 - -856) + -45 + -1?
38
What is the value of 35 - (-19 + 20 + (16 - 21))?
39
What is 11 + -1 + (-3 - 21) + 1 + 85?
72
Evaluate 11 - (-42 + -26) - (34 - -10).
35
What is (17 - 20) + 1 + 0 + -9 + -58?
-69
Calculate -1 + -29 + -250 + 248 + -1 + -1.
-34
What is the value of -10 + (-21 - -7 - -1 - 15)?
-38
Evaluate 58 + -45 + 74 - 21.
66
What is the value of (-987 - -1006) + (-91 - 1)?
-73
What is the value of -231 + 188 + 10 + 6 + -21?
-48
2 - (-11 - (-24 + 12 - 6)) - 37
-42
What is (-2 - 1) + (44 - 66) + (-21 - -15)?
-31
Calculate (-9 - (-5 + 18 + 0 - 19)) + (-30 - 0).
-33
-5 + 24 - 7 - -35
47
What is -7 + (3 - 3) + -25 + (21 - (-8 + -1))?
-2
What is 84 - (-30 - (-120 + 57))?
51
What is -55 + (50 - -11) + 19?
25
What is the value of 40 + (33 + -26 - 55)?
-8
What is the value of 8 + (8 - -8 - -18) + -10?
32
Calculate 5 + 45 + (-11 - (-8 - (3 + 6 + -12))).
44
What is the value of -168 - -61 - -121 - (-2 - 18)?
34
Evaluate 0 + -159 - (-29 + 0 + 31 + -103 + 85).
-143
Calculate -8 + 6 + (-4 - -2) + (25 - 41 - -15).
-5
Evaluate 48 + (-21 - (12 + -16)).
31
What is the value of -5 - (-51 + (-49 - -16))?
79
What is -111 - (522 - 541 - (-2 + -1) - -7)?
-102
What is (14 - ((11 - 26 - -19) + 58)) + (4 - -2)?
-42
What is -1 + (5 - 6) - (4 + -17 + (20 - -84))?
-93
What is the value of -3364 - -3423 - (-50 - -2)?
107
445 + -518 - (-108 - -2)
33
What is the value of (-2104 - -2117) + 60 + 1?
74
Evaluate -1489 - -1493 - ((4 - 3) + 41).
-38
(-15 - (-12 - -5 - -16)) + -5 + -94
-123
What is (-84 - (-1 + 4)) + (-25 + -104 - -128)?
-88
Evaluate -5 - -5 - (-5 + 6 + (-5 - -11) + 11).
-18
Evaluate -18 - ((97 - 97) + -71).
53
Evaluate -2 - 14 - (-1153 + 1236).
-99
What is (0 - 6) + (14 - 12) + 21 + -79?
-62
Calculate (174 - 285) + 207 + -36.
60
What is the value of 6 + -7 + (7 - -4) + -5 - (261 - 195)?
-61
Evaluate -4 + 0 + 1 - (-550 - -483).
64
Evaluate -8 + 7 - (-15 + (10 - 28)).
32
Calculate (-340 - -296) + -7 + 86.
35
What is the value of 110 - 107 - ((1 - (2 - 1)) + 5)?
-2
What is (0 - (7 + -5)) + 0 + (-11 - -25 - 14)?
-2
What is -51 + (7 + -2 - (69 + -62 - (1 + 9)))?
-43
What is -3 + (20 - (11 + -2)) + 15 + -12?
11
What is the value of -34 + 31 - (67 + -43)?
-27
(34 - 13) + -113 + -5 + 5 + 11 - -9
-72
What is -46 + (-95 - -263) + -15?
107
What is the value of 1 + -65 + -7 + 35?
-36
(-1 - (31 - 18) - -22 - (0 - -96)) + -15
-103
1 + -85 + 99 + 0
15
-30 - (15 - (18 + 22) - -1)
-6
What is -33 + -36 - -161 - 60?
32
Evaluate 40 + (-63 - -25) - (0 + 6).
-4
Calculate (2 - 7) + (-3 - 1) + (-101 - -29) + 16.
-65
What is the value of (-7 - -44 - 12) + -59 + 19?
-15
What is -8 + -4 + 4 - (118 + -44 - 16)?
-66
Calculate 11 + -1 + 0 - (5 + (3 - -28 - -6)).
-32
134 - 33 - (297 + -156)
-40
What is 313 + 23 + -350 + 1 + (0 - -7)?
-6
-108 + 98 + 99 + (-21 - -3)
71
What is 103 + 2 - (28 + -10 + 14 + -26)?
99
Evaluate 45 - (-2 + (21 - -2) - (-518 + 536)).
42
Calculate -84 + -6 - (2494 - 2552).
-32
What is the value of (-42 - -24) + -69 - -62?
-25
Evaluate 29 + -57 + 34 + (22 - (2 + 1 + -2)).
27
What is 4 - (8 + -13 - -14) - (1 - (-23 + -7))?
-36
What is (-2 - (-2 - -73)) + (-23 - -28) + (4 - 8)?
-72
Calculate 24 - ((28 - -1 - -21) + 6).
-32
42 - (-11 - (-23 - 42))
-12
What is the value of (-13 - -1 - (27 - 73)) + -63?
-29
What is the value of -11 + 75 + 6 + -3 + 7 + (-7 - 6)?
61
Evaluate 54 + 2 - (2724 + -2584).
-84
Evaluate -1 + -8 - 3 - (53 + -50 - -10).
-25
Calculate 84 + (9 - 95) - 75.
-77
0 + 0 + (9 - -4) + -10 - -41
44
What is (28 + -4 - 15) + (50 - 2 - (-28 + 30))?
55
What is the value of (12 - 4 - (-46 + 43)) + -38?
-27
Calculate -7 + (51 - 103) + 31 + -6.
-34
24 - (-27 + 70 - -25) - 14 - (1 - 9)
-50
Calculate -22 + (-52 - -47) + 20.
-7
Evaluate (33 - 173) + 131 + (-1 - -1) + 6.
-3
Calculate 96 + -119 + 26 + (0 - 92).
-89
(-29 - -1 - -1) + -3 - ((61 - 31) + -28)
-32
Calculate 5 - (25 - 7) - 32.
-45
Evaluate 9 - (-12 - -8) - (85 - 55).
-17
What is 102 + (-1 - -22 - 96)?
27
Evaluate (-6 - 9) + 6 + (-3 + -5 - 2) + 12.
-7
What is -28 + -5 + (-1 - -2 - (141 + -137))?
-36
Evaluate -30 + -2 - (-2189 + 2145).
12
Calculate 23 + (22 - -6) + (-1 - -19).
69
What is the value of (-72 + -2 - 1) + (-17 - -3 - (-144 + 131))?
-76
-4 - 0 - (1229 + -1282)
49
(-4 - (28 + -19) - (3 + -6)) + -43
-53
(3 - 73) + -10 + 25 + 8 + -20
-67
What is the value of -20 + -24 + 11 + 20 - -7 - -31?
25
Evaluate -8 - 